{"id":425,"date":"2021-05-03T16:06:09","date_gmt":"2021-05-03T14:06:09","guid":{"rendered":"https:\/\/kathrin-kellermann.de\/wp2\/?page_id=425"},"modified":"2023-01-25T10:12:21","modified_gmt":"2023-01-25T09:12:21","slug":"personal-coaching-2","status":"publish","type":"page","link":"https:\/\/kathrin-kellermann.de\/wp2\/index.php\/personal-coaching-2\/","title":{"rendered":"Personal Coaching"},"content":{"rendered":"\n<div class=\"wp-block-cover alignfull is-light has-parallax has-custom-content-position is-position-bottom-center\" style=\"min-height:700px;aspect-ratio:unset;\"><span aria-hidden=\"true\" class=\"wp-block-cover__background has-background-dim\"><\/span><div role=\"img\" class=\"wp-block-cover__image-background wp-image-752 has-parallax\" style=\"background-position:50% 50%;background-image:url(https:\/\/kathrin-kellermann.de\/wp2\/wp-content\/uploads\/2021\/05\/pexels-suliman-sallehi-1576937-edited-scaled.jpg)\"><\/div><div class=\"wp-block-cover__inner-container is-layout-flow wp-block-cover-is-layout-flow\">\n<div class=\"wp-block-columns alignwide are-vertically-aligned-top is-layout-flex wp-container-core-columns-is-layout-1 wp-block-columns-is-layout-flex\">\n<div class=\"wp-block-column is-vertically-aligned-top is-layout-flow wp-block-column-is-layout-flow\" style=\"flex-basis:70%\">\n<h1 class=\"has-white-color has-text-color wp-block-heading\">Deine. Pers\u00f6nliche. Entwicklung.<\/h1>\n\n\n\n<ul class=\"wp-block-list\">\n<li><strong>Wo will ich hin? Was ist mir wichtig? Und warum ist es mir wichtig? <\/strong><\/li>\n\n\n\n<li><strong>Wie kann ich (wieder) Sinn finden &amp; stiften?<\/strong><\/li>\n\n\n\n<li><strong>Ich muss eine Entscheidung treffen, drehe mich aber im Kreis<\/strong><\/li>\n\n\n\n<li><strong>Ich m\u00f6chte mit einem Konflikt zuk\u00fcnftig besser umgehen \u2013 aber irgendwie bin ich darin gefangen<\/strong><\/li>\n<\/ul>\n<\/div>\n<\/div>\n<\/div><\/div>\n\n\n\n<div style=\"height:60px\" aria-hidden=\"true\" class=\"wp-block-spacer\"><\/div>\n\n\n<p><!-- \/wp:cover --><\/p>\n<p><!-- wp:heading --><\/p>\n<h2><mark style=\"background-color:rgba(0, 0, 0, 0)\" class=\"has-inline-color has-light-green-cyan-color\">Wie starte ich mein Coaching? <\/mark><\/h2>\n<p><!-- \/wp:heading --><\/p>\n<p><!-- wp:paragraph --><\/p>\n<p><strong>Mir ist es wichtig, dass Du von Anfang an entscheidest, welcher Schritt der richtige f\u00fcr dich ist.&nbsp;<\/strong><\/p>\n<p><!-- \/wp:paragraph --><\/p>\n<p><!-- wp:paragraph --><\/p>\n<p>Daher starten wir mit einem <strong>Kennenlerngespr\u00e4ch<\/strong> in dem wir dein Anliegen beleuchten. Du erh\u00e4ltst eine erste Einsch\u00e4tzung von mir, inwieweit Coaching Dich unterst\u00fctzen kann sowie eine erste Absch\u00e4tzung wie viele Coachingstunden erforderlich sind.&nbsp;&nbsp;<em>Allein dadurch wirst Du bereits erste Erkenntnisse mit nach Hause nehmen.&nbsp;<\/em><\/p>\n<p><!-- \/wp:paragraph --><\/p>\n<p><!-- wp:paragraph --><\/p>\n<p>Danach entscheidest Du, ob Coaching wirklich das richtige f\u00fcr Dich ist und ob ich die Coach bin, mit der Du zusammenarbeiten m\u00f6chtest. Erst dann beginnt der eigentliche Coachingprozess \u2013&nbsp;<strong>stets vertraulich, auf Augenh\u00f6he und mit Humor!<\/strong><\/p>\n<p><!-- \/wp:paragraph --><\/p>\n<p><!-- wp:heading {\"level\":4} --><\/p>\n<h4><mark style=\"background-color:rgba(0, 0, 0, 0)\" class=\"has-inline-color has-cyan-bluish-gray-color\">Wie lange dauert ein Coaching?<\/mark> <\/h4>\n<p><!-- \/wp:heading --><\/p>\n<p><!-- wp:paragraph --><\/p>\n<p>Je nach Anliegen macht es Sinn entweder in mehreren Einzelcoachings \u00e1 90 Minuten oder in halbt\u00e4gigen bzw. ganzt\u00e4gigen Einzelworkshops zu arbeiten. <\/p>\n<p><!-- \/wp:paragraph --><\/p>\n<p><!-- wp:paragraph --><\/p>\n<p>Im Kennenlerngespr\u00e4ch gebe ich Dir eine Einsch\u00e4tzung, wie viele Sitzungen f\u00fcr die Bearbeitung des Anliegens erforderlich seien. Damit hast Du einen ersten Daumenwert was den zeitlichen Aufwand und die damit verbundenen Kosten betrifft. Um den Prozess so transparent wie m\u00f6glich f\u00fcr Dich zu machen, legst Du in der ersten Sitzung dein(e) Ziel(e) und die Kriterien fest, woran Du erkennst, dass Du dein(e) Ziel(e) erreicht hast.&nbsp; Sollten sich dein(e) Ziel(e) \u00e4ndern, kann sich auch der Umfang der erforderlichen Coachingsitzungen \u00e4ndern.<\/p>\n<p><!-- \/wp:paragraph --><\/p>\n<p><!-- wp:heading {\"level\":4} --><\/p>\n<h4><mark style=\"background-color:rgba(0, 0, 0, 0)\" class=\"has-inline-color has-cyan-bluish-gray-color\">Mit welchen Kosten kann ich rechnen? <\/mark><\/h4>\n<p><!-- \/wp:heading --><\/p>\n<p><!-- wp:paragraph --><\/p>\n<p>Wir verabreden uns verbindlich f\u00fcr ein Treffen um an deiner Fragestellung zu arbeiten.<\/p>\n<p><!-- \/wp:paragraph --><\/p>\n<p><!-- wp:paragraph --><\/p>\n<p><strong>Coachingsitzung<\/strong>: Die Kosten belaufen sich auf 150 \u20ac pro 90 Minuten.<\/p>\n<p><!-- \/wp:paragraph --><\/p>\n<p><!-- wp:paragraph --><\/p>\n<p><strong>Einzelworkshops<\/strong>: Die Kosten belaufen sich auf 350 \u20ac&nbsp;(halbt\u00e4gig) oder 1.000 \u20ac (ganzt\u00e4gig).<\/p>\n<p><!-- \/wp:paragraph --><\/p>\n<p><!-- wp:paragraph --><\/p>\n<p>Die Kosten enthalten alle Aufw\u00e4nde f\u00fcr Vor- und Nachbereitung, f\u00fcr das Material und die R\u00e4umlichkeiten.<\/p>\n<p><!-- \/wp:paragraph --><\/p>\n<p><!-- wp:paragraph --><\/p>\n<p>Coachingsitzungen finden online (per MS Teams, Zoom oder Skype) oder in daf\u00fcr gebuchten Coachingr\u00e4umen statt.<\/p>\n<p><!-- \/wp:paragraph --><\/p>\n<p><!-- wp:heading {\"level\":4} --><\/p>\n<h4><mark style=\"background-color:rgba(0, 0, 0, 0)\" class=\"has-inline-color has-cyan-bluish-gray-color\">Wie lauten die Stornobedingungen? <\/mark><\/h4>\n<p><!-- \/wp:heading --><\/p>\n<p><!-- wp:paragraph --><\/p>\n<p>Ein Termin kann bis zu 36 Stunden vor dem Termin kostenfrei abgesagt werden.<\/p>\n<p><!-- \/wp:paragraph --><\/p>","protected":false},"excerpt":{"rendered":"<p>Wie starte ich mein Coaching? Mir ist es wichtig, dass Du von Anfang an entscheidest, welcher Schritt der richtige f\u00fcr dich ist.&nbsp; Daher starten wir mit einem Kennenlerngespr\u00e4ch in dem wir dein Anliegen beleuchten. Du erh\u00e4ltst eine erste Einsch\u00e4tzung von mir, inwieweit Coaching Dich unterst\u00fctzen kann sowie eine erste Absch\u00e4tzung wie viele Coachingstunden erforderlich sind.&nbsp;&nbsp;Allein &hellip; <\/p>\n","protected":false},"author":1,"featured_media":0,"parent":0,"menu_order":0,"comment_status":"closed","ping_status":"closed","template":"","meta":{"footnotes":""},"class_list":["post-425","page","type-page","status-publish","hentry","grid-sizer"],"_links":{"self":[{"href":"https:\/\/kathrin-kellermann.de\/wp2\/index.php\/wp-json\/wp\/v2\/pages\/425"}],"collection":[{"href":"https:\/\/kathrin-kellermann.de\/wp2\/index.php\/wp-json\/wp\/v2\/pages"}],"about":[{"href":"https:\/\/kathrin-kellermann.de\/wp2\/index.php\/wp-json\/wp\/v2\/types\/page"}],"author":[{"embeddable":true,"href":"https:\/\/kathrin-kellermann.de\/wp2\/index.php\/wp-json\/wp\/v2\/users\/1"}],"replies":[{"embeddable":true,"href":"https:\/\/kathrin-kellermann.de\/wp2\/index.php\/wp-json\/wp\/v2\/comments?post=425"}],"version-history":[{"count":47,"href":"https:\/\/kathrin-kellermann.de\/wp2\/index.php\/wp-json\/wp\/v2\/pages\/425\/revisions"}],"predecessor-version":[{"id":1084,"href":"https:\/\/kathrin-kellermann.de\/wp2\/index.php\/wp-json\/wp\/v2\/pages\/425\/revisions\/1084"}],"wp:attachment":[{"href":"https:\/\/kathrin-kellermann.de\/wp2\/index.php\/wp-json\/wp\/v2\/media?parent=425"}],"curies":[{"name":"wp","href":"https:\/\/api.w.org\/{rel}","templated":true}]}}